{"id":185,"date":"2024-07-17T13:33:09","date_gmt":"2024-07-17T13:33:09","guid":{"rendered":"https:\/\/jireh.edu.ec\/main\/?page_id=185"},"modified":"2025-07-29T12:37:16","modified_gmt":"2025-07-29T12:37:16","slug":"matriculas-2024-2025","status":"publish","type":"page","link":"https:\/\/jireh.edu.ec\/main\/matriculas-2024-2025\/","title":{"rendered":"Matr\u00edculas 2024 &#8211; 2025"},"content":{"rendered":"<p>[et_pb_section fb_built=\u00bb1&#8243; fullwidth=\u00bbon\u00bb _builder_version=\u00bb3.0.101&#8243;][et_pb_fullwidth_header header_fullscreen=\u00bbon\u00bb _builder_version=\u00bb3.0.101&#8243; background_image=\u00bbhttps:\/\/jireh.edu.ec\/main\/wp-content\/uploads\/2024\/07\/boys2.jpg\u00bb parallax=\u00bbon\u00bb][\/et_pb_fullwidth_header][\/et_pb_section][et_pb_section fb_built=\u00bb1&#8243; background_color=\u00bb#EED9D6&#8243; _builder_version=\u00bb3.0.101&#8243; custom_padding=\u00bb54px|0px|26px|0px\u00bb][et_pb_row custom_padding=\u00bb27px|0px|0px|0px\u00bb _builder_version=\u00bb3.0.101&#8243;][et_pb_column type=\u00bb4_4&#8243; _builder_version=\u00bb3.0.101&#8243; parallax=\u00bboff\u00bb parallax_method=\u00bbon\u00bb][et_pb_text _builder_version=\u00bb3.0.101&#8243;]<\/p>\n<h1 style=\"text-align: center;\"><span style=\"color: #333333;\"><strong>Matr\u00edculas Abiertas<\/strong><\/span><\/h1>\n<h1 style=\"text-align: center;\"><span style=\"color: #333333;\"><strong>A\u00f1o Lectivo 2024 -2025<\/strong><\/span><\/h1>\n<p>[\/et_pb_text][\/et_pb_column][\/et_pb_row][\/et_pb_section][et_pb_section fb_built=\u00bb1&#8243; prev_background_color=\u00bb#EED9D6&#8243; _builder_version=\u00bb3.0.101&#8243; custom_padding=\u00bb54px|0px|21px|0px\u00bb top_divider_style=\u00bbwave2&#8243;][\/et_pb_section][et_pb_section fb_built=\u00bb1&#8243; next_background_color=\u00bb#AF445A\u00bb _builder_version=\u00bb3.0.101&#8243; custom_padding=\u00bb0px|0px|54px|0px\u00bb bottom_divider_style=\u00bbramp2&#8243;][et_pb_row _builder_version=\u00bb3.0.101&#8243;][et_pb_column type=\u00bb4_4&#8243; _builder_version=\u00bb3.0.101&#8243; parallax=\u00bboff\u00bb parallax_method=\u00bbon\u00bb][et_pb_text _builder_version=\u00bb3.0.101&#8243;]<\/p>\n<p style=\"text-align: center;\"><img loading=\"lazy\" decoding=\"async\" src=\"https:\/\/jireh.edu.ec\/main\/wp-content\/uploads\/2024\/07\/Grafico-Linea-de-Tiempo-Profesional-Multicolor.png\" width=\"1024\" height=\"768\" alt=\"\" class=\"wp-image-210 alignnone size-full\" srcset=\"https:\/\/jireh.edu.ec\/main\/wp-content\/uploads\/2024\/07\/Grafico-Linea-de-Tiempo-Profesional-Multicolor.png 1024w, https:\/\/jireh.edu.ec\/main\/wp-content\/uploads\/2024\/07\/Grafico-Linea-de-Tiempo-Profesional-Multicolor-300x225.png 300w, https:\/\/jireh.edu.ec\/main\/wp-content\/uploads\/2024\/07\/Grafico-Linea-de-Tiempo-Profesional-Multicolor-768x576.png 768w, https:\/\/jireh.edu.ec\/main\/wp-content\/uploads\/2024\/07\/Grafico-Linea-de-Tiempo-Profesional-Multicolor-510x382.png 510w\" sizes=\"auto, (max-width: 1024px) 100vw, 1024px\" \/><\/p>\n<p>[\/et_pb_text][\/et_pb_column][\/et_pb_row][\/et_pb_section][et_pb_section fb_built=\u00bb1&#8243; background_color=\u00bb#AF445A\u00bb _builder_version=\u00bb3.0.101&#8243;][et_pb_row _builder_version=\u00bb3.0.101&#8243;][et_pb_column type=\u00bb4_4&#8243; _builder_version=\u00bb3.0.101&#8243; parallax=\u00bboff\u00bb parallax_method=\u00bbon\u00bb][et_pb_text _builder_version=\u00bb3.0.101&#8243;]<\/p>\n<h1 style=\"text-align: center;\"><span style=\"color: #ffffff;\"><strong>Requisitos para m\u00e1triculas<\/strong><\/span><\/h1>\n<p>[\/et_pb_text][\/et_pb_column][\/et_pb_row][\/et_pb_section][et_pb_section fb_built=\u00bb1&#8243; fullwidth=\u00bbon\u00bb prev_background_color=\u00bb#AF445A\u00bb _builder_version=\u00bb3.0.101&#8243; top_divider_style=\u00bbslant2&#8243;][\/et_pb_section][et_pb_section fb_built=\u00bb1&#8243; _builder_version=\u00bb3.0.101&#8243; custom_padding=\u00bb146px|0px|0px|0px\u00bb][et_pb_row custom_padding=\u00bb27px|0px|57px|0px\u00bb _builder_version=\u00bb3.0.101&#8243;][et_pb_column type=\u00bb4_4&#8243; _builder_version=\u00bb3.0.101&#8243; parallax=\u00bboff\u00bb parallax_method=\u00bbon\u00bb][et_pb_accordion open_toggle_text_color=\u00bb#020202&#8243; open_toggle_background_color=\u00bb#ECD4D3&#8243; closed_toggle_text_color=\u00bb#ffffff\u00bb closed_toggle_background_color=\u00bb#a9475a\u00bb icon_color=\u00bb#ffffff\u00bb _builder_version=\u00bb3.0.101&#8243; toggle_level=\u00bbh3&#8243; toggle_font=\u00bb|700|||||||\u00bb toggle_text_align=\u00bbleft\u00bb toggle_text_color=\u00bb#ffffff\u00bb][et_pb_accordion_item title=\u00bbInicial I (3 a\u00f1os) &#8211; Estudiantes Nuevos\u00bb open=\u00bbon\u00bb open_toggle_text_color=\u00bb#020202&#8243; _builder_version=\u00bb3.0.101&#8243; title_text_shadow_horizontal_length=\u00bb0em\u00bb title_text_shadow_vertical_length=\u00bb0em\u00bb title_text_shadow_blur_strength=\u00bb0em\u00bb body_text_shadow_horizontal_length=\u00bb0em\u00bb body_text_shadow_vertical_length=\u00bb0em\u00bb body_text_shadow_blur_strength=\u00bb0em\u00bb border_color_all=\u00bb#000000&#8243; custom_margin=\u00bb|||\u00bb]<\/p>\n<p>\u00a0<\/p>\n<p><span style=\"color: #000000;\">Los estudiantes deben presentar los siguientes requisitos para la matr\u00edcula:<\/span><\/p>\n<p>\u00a0<\/p>\n<ul>\n<li><span style=\"color: #000000;\">Copia de c\u00e9dula del estudiante<\/span><\/li>\n<li><span style=\"color: #000000;\">Copia de c\u00e9dula de los padres<\/span><\/li>\n<li style=\"text-align: left;\"><span style=\"color: #000000;\">Copia de planilla de luz <em><strong>(no se requiere de otro servicio b\u00e1sico)<\/strong><\/em><\/span><\/li>\n<li style=\"text-align: left;\"><span style=\"color: #000000;\"><em><\/em>Copia a color del carnet de vacunas<\/span><\/li>\n<li style=\"text-align: left;\"><span style=\"color: #000000;\">6 fotos tama\u00f1o carnet<\/span><\/li>\n<li style=\"text-align: left;\"><span style=\"color: #000000;\">Carpeta colgante color roja<\/span><\/li>\n<li style=\"text-align: left;\"><span style=\"color: #000000;\">Comprobante de dep\u00f3sito de matr\u00edcula y pensi\u00f3n<\/span><\/li>\n<\/ul>\n<p><span style=\"color: #000000;\"><strong><\/strong><\/span><\/p>\n<p style=\"text-align: center;\"><span style=\"color: #000000;\"><strong>Matr\u00edcula: USD. 59.95\u00a0\u00a0\u00a0\u00a0\u00a0\u00a0\u00a0\u00a0\u00a0\u00a0\u00a0\u00a0\u00a0 <\/strong><\/span><span style=\"color: #000000;\"><strong>Pensi\u00f3n: USD. 95.92<\/strong><\/span><\/p>\n<p style=\"text-align: center;\"><span style=\"color: #000000;\">Resoluci\u00f3n de Costos: <strong>MINEDUC-CZ2-15D01-2024-0189-R<\/strong><br \/> <\/span><\/p>\n<p>[\/et_pb_accordion_item][et_pb_accordion_item title=\u00bbInicial II (4 a\u00f1os) &#8211; Estudiantes Nuevos\u00bb open_toggle_text_color=\u00bb#050505&#8243; _builder_version=\u00bb3.0.101&#8243; title_text_shadow_horizontal_length=\u00bb0em\u00bb title_text_shadow_vertical_length=\u00bb0em\u00bb title_text_shadow_blur_strength=\u00bb0em\u00bb body_text_shadow_horizontal_length=\u00bb0em\u00bb body_text_shadow_vertical_length=\u00bb0em\u00bb body_text_shadow_blur_strength=\u00bb0em\u00bb border_color_all=\u00bb#000000&#8243;]<\/p>\n<p>\u00a0<\/p>\n<p><span style=\"color: #000000;\">Los estudiantes deben presentar los siguientes requisitos para la matr\u00edcula:<\/span><\/p>\n<p>\u00a0<\/p>\n<ul>\n<li><span style=\"color: #000000;\">Copia de c\u00e9dula del estudiante<\/span><\/li>\n<li><span style=\"color: #000000;\">Copia de c\u00e9dula de los padres<\/span><\/li>\n<li style=\"text-align: left;\"><span style=\"color: #000000;\">Copia de planilla de luz <em><strong>(no se requiere de otro servicio b\u00e1sico)<\/strong><\/em><\/span><\/li>\n<li style=\"text-align: left;\"><span style=\"color: #000000;\"><em><\/em>Copia a color del carnet de vacunas<\/span><\/li>\n<li style=\"text-align: left;\"><span style=\"color: #000000;\">6 fotos tama\u00f1o carnet<\/span><\/li>\n<li style=\"text-align: left;\"><span style=\"color: #000000;\">Carpeta colgante color azul<\/span><\/li>\n<li style=\"text-align: left;\"><span style=\"color: #000000;\">Certificado de Matr\u00edcula Inicial I<\/span><\/li>\n<li style=\"text-align: left;\"><span style=\"color: #000000;\">Informe Acad\u00e9mico Inicial I<\/span><\/li>\n<li style=\"text-align: left;\"><span style=\"color: #000000;\">Comprobante de dep\u00f3sito de matr\u00edcula y pensi\u00f3n<\/span><\/li>\n<\/ul>\n<p><span style=\"color: #000000;\"><strong><\/strong><\/span><\/p>\n<p style=\"text-align: center;\"><span style=\"color: #000000;\"><strong>Matr\u00edcula: USD. 59.95\u00a0\u00a0\u00a0\u00a0\u00a0\u00a0\u00a0\u00a0\u00a0\u00a0\u00a0\u00a0\u00a0 <\/strong><\/span><span style=\"color: #000000;\"><strong>Pensi\u00f3n: USD. 95.92<\/strong><\/span><\/p>\n<p style=\"text-align: center;\"><span style=\"color: #000000;\">Resoluci\u00f3n de Costos: <strong>MINEDUC-CZ2-15D01-2024-0189-R<\/strong><\/span><\/p>\n<p>[\/et_pb_accordion_item][et_pb_accordion_item title=\u00bbPreparatoria &#8211; Estudiantes Nuevos\u00bb open_toggle_text_color=\u00bb#020202&#8243; _builder_version=\u00bb3.0.101&#8243; title_text_shadow_horizontal_length=\u00bb0em\u00bb title_text_shadow_vertical_length=\u00bb0em\u00bb title_text_shadow_blur_strength=\u00bb0em\u00bb body_text_shadow_horizontal_length=\u00bb0em\u00bb body_text_shadow_vertical_length=\u00bb0em\u00bb body_text_shadow_blur_strength=\u00bb0em\u00bb border_color_all=\u00bb#000000&#8243;]<\/p>\n<p><span style=\"color: #000000;\">Los estudiantes deben presentar los siguientes requisitos para la matr\u00edcula:<\/span><\/p>\n<p>\u00a0<\/p>\n<ul>\n<li><span style=\"color: #000000;\">Copia de c\u00e9dula del estudiante<\/span><\/li>\n<li><span style=\"color: #000000;\">Copia de c\u00e9dula de los padres<\/span><\/li>\n<li style=\"text-align: left;\"><span style=\"color: #000000;\">Copia de planilla de luz <em><strong>(no se requiere de otro servicio b\u00e1sico)<\/strong><\/em><\/span><\/li>\n<li style=\"text-align: left;\"><span style=\"color: #000000;\"><em><\/em>Copia a color del carnet de vacunas<\/span><\/li>\n<li style=\"text-align: left;\"><span style=\"color: #000000;\">6 fotos tama\u00f1o carnet<\/span><\/li>\n<li style=\"text-align: left;\"><span style=\"color: #000000;\">Carpeta colgante color amarillo<\/span><\/li>\n<li style=\"text-align: left;\"><span style=\"color: #000000;\">Certificado de Matr\u00edcula Inicial I y II<br \/><\/span><\/li>\n<li style=\"text-align: left;\"><span style=\"color: #000000;\">Informe Acad\u00e9mico Inicial I y II<br \/><\/span><\/li>\n<li style=\"text-align: left;\"><span style=\"color: #000000;\">Comprobante de dep\u00f3sito de matr\u00edcula y pensi\u00f3n<\/span><\/li>\n<\/ul>\n<p><span style=\"color: #000000;\"><strong><\/strong><\/span><\/p>\n<p style=\"text-align: center;\"><span style=\"color: #000000;\"><strong>Matr\u00edcula: USD. 59.95\u00a0\u00a0\u00a0\u00a0\u00a0\u00a0\u00a0\u00a0\u00a0\u00a0\u00a0\u00a0\u00a0 <\/strong><\/span><span style=\"color: #000000;\"><strong>Pensi\u00f3n: USD. 95.92<\/strong><\/span><\/p>\n<p style=\"text-align: center;\"><span style=\"color: #000000;\">Resoluci\u00f3n de Costos: <strong>MINEDUC-CZ2-15D01-2024-0189-R<\/strong><\/span><\/p>\n<p>[\/et_pb_accordion_item][et_pb_accordion_item title=\u00bbSegundo a Noveno A\u00f1o de Educaci\u00f3n General B\u00e1sica &#8211; Estudiantes Nuevos\u00bb open_toggle_text_color=\u00bb#141414&#8243; _builder_version=\u00bb3.0.101&#8243; title_text_shadow_horizontal_length=\u00bb0em\u00bb title_text_shadow_vertical_length=\u00bb0em\u00bb title_text_shadow_blur_strength=\u00bb0em\u00bb body_text_shadow_horizontal_length=\u00bb0em\u00bb body_text_shadow_vertical_length=\u00bb0em\u00bb body_text_shadow_blur_strength=\u00bb0em\u00bb border_color_all=\u00bb#000000&#8243;]<\/p>\n<p><span style=\"color: #000000;\">Los estudiantes deben presentar los siguientes requisitos para la matr\u00edcula:<\/span><\/p>\n<p>\u00a0<\/p>\n<ul>\n<li><span style=\"color: #000000;\">Copia de c\u00e9dula del estudiante<\/span><\/li>\n<li><span style=\"color: #000000;\">Copia de c\u00e9dula de los padres<\/span><\/li>\n<li style=\"text-align: left;\"><span style=\"color: #000000;\">Copia de planilla de luz <em><strong>(no se requiere de otro servicio b\u00e1sico)<\/strong><\/em><\/span><\/li>\n<li style=\"text-align: left;\"><span style=\"color: #000000;\">4 fotos tama\u00f1o carnet<\/span><\/li>\n<li><span style=\"color: #000000;\">Carpeta colgante color azul<\/span><\/li>\n<li style=\"text-align: left;\"><span style=\"color: #000000;\">Certificado del DECE<\/span><\/li>\n<li style=\"text-align: left;\"><span style=\"color: #000000;\">Certificado de Matr\u00edcula (Desde Inicial)<br \/> <\/span><\/li>\n<li style=\"text-align: left;\"><span style=\"color: #000000;\">Informe Acad\u00e9mico (Inicial I y II)<br \/> <\/span><\/li>\n<li style=\"text-align: left;\"><span style=\"color: #000000;\">Certificados de promoci\u00f3n legalizados (Desde preparatoria)<\/span><\/li>\n<li style=\"text-align: left;\"><span style=\"color: #000000;\">Comprobante de dep\u00f3sito de matr\u00edcula y pensi\u00f3n<\/span><\/li>\n<\/ul>\n<p><span style=\"color: #000000;\"><strong><\/strong><\/span><\/p>\n<p style=\"text-align: center;\"><span style=\"color: #000000;\"><strong>Matr\u00edcula: USD. 59.95\u00a0\u00a0\u00a0\u00a0\u00a0\u00a0\u00a0\u00a0\u00a0\u00a0\u00a0\u00a0\u00a0 <\/strong><\/span><span style=\"color: #000000;\"><strong>Pensi\u00f3n: USD. 95.92<\/strong><\/span><\/p>\n<p style=\"text-align: center;\"><span style=\"color: #000000;\">Resoluci\u00f3n de Costos: <strong>MINEDUC-CZ2-15D01-2024-0189-R<\/strong><\/span><\/p>\n<p>[\/et_pb_accordion_item][et_pb_accordion_item title=\u00bbEstudiantes de la Instituci\u00f3n desde Inicial II (4 a\u00f1os) hasta Noveno A\u00f1o de Educaci\u00f3n General B\u00e1sica\u00bb open_toggle_text_color=\u00bb#020202&#8243; _builder_version=\u00bb3.0.101&#8243; title_text_shadow_horizontal_length=\u00bb0em\u00bb title_text_shadow_vertical_length=\u00bb0em\u00bb title_text_shadow_blur_strength=\u00bb0em\u00bb body_text_shadow_horizontal_length=\u00bb0em\u00bb body_text_shadow_vertical_length=\u00bb0em\u00bb body_text_shadow_blur_strength=\u00bb0em\u00bb border_color_all=\u00bb#000000&#8243;]<\/p>\n<p><span style=\"color: #000000;\"><\/span><\/p>\n<p><span style=\"color: #000000;\">Los estudiantes deben presentar los siguientes requisitos para la matr\u00edcula:<\/span><\/p>\n<p>\u00a0<\/p>\n<ul>\n<li><span style=\"color: #000000;\">Certificado de no adeudar a la instituci\u00f3n<\/span><\/li>\n<li style=\"text-align: left;\"><span style=\"color: #000000;\">6 fotos tama\u00f1o carnet <strong>(Inicial II y Preparatoria)<\/strong><br \/> <\/span><\/li>\n<li><span style=\"color: #000000;\">4 fotos tama\u00f1o carnet <strong>(desde Segundo a Noveno de EGB)<\/strong><\/span><\/li>\n<li><span style=\"color: #000000;\">Copia de planilla de luz <em><strong>(no se requiere de otro servicio b\u00e1sico)<\/strong><\/em><\/span><\/li>\n<li style=\"text-align: left;\"><span style=\"color: #000000;\">Comprobante de dep\u00f3sito de matr\u00edcula y pensi\u00f3n<\/span><\/li>\n<\/ul>\n<p><span style=\"color: #000000;\"><strong><\/strong><\/span><\/p>\n<p style=\"text-align: center;\"><span style=\"color: #000000;\"><strong>Matr\u00edcula: USD. 59.95\u00a0\u00a0\u00a0\u00a0\u00a0\u00a0\u00a0\u00a0\u00a0\u00a0\u00a0\u00a0\u00a0 <\/strong><\/span><span style=\"color: #000000;\"><strong>Pensi\u00f3n: USD. 95.92<\/strong><\/span><\/p>\n<p style=\"text-align: center;\"><span style=\"color: #000000;\">Resoluci\u00f3n de Costos: <strong>MINEDUC-CZ2-15D01-2024-0189-R<\/strong><\/span><\/p>\n<p>[\/et_pb_accordion_item][\/et_pb_accordion][\/et_pb_column][\/et_pb_row][\/et_pb_section][et_pb_section fb_built=\u00bb1&#8243; _builder_version=\u00bb3.0.101&#8243;][et_pb_row _builder_version=\u00bb3.0.101&#8243;][et_pb_column type=\u00bb4_4&#8243; _builder_version=\u00bb3.0.101&#8243; parallax=\u00bboff\u00bb parallax_method=\u00bbon\u00bb][et_pb_button button_url=\u00bbhttps:\/\/jireh.edu.ec\/main\/wp-content\/uploads\/2024\/07\/RESOLUCION-DE-COSTOS-2024-2025.pdf\u00bb url_new_window=\u00bbon\u00bb button_text=\u00bbResoluci\u00f3n de Costos: MINEDUC-CZ2-15D01-2024-0189-R\u00bb button_alignment=\u00bbcenter\u00bb _builder_version=\u00bb3.0.101&#8243; custom_button=\u00bbon\u00bb button_text_color=\u00bb#ffffff\u00bb button_bg_color=\u00bb#001c1e\u00bb button_font=\u00bb||||||||\u00bb button_use_icon=\u00bboff\u00bb button_text_color_hover=\u00bb#0c0c0c\u00bb button_bg_color_hover=\u00bb#ECD4D3&#8243;][\/et_pb_button][\/et_pb_column][\/et_pb_row][\/et_pb_section][et_pb_section fb_built=\u00bb1&#8243; fullwidth=\u00bbon\u00bb _builder_version=\u00bb3.0.101&#8243;][et_pb_fullwidth_header title=\u00bbBecas\u00bb background_layout=\u00bbdark\u00bb text_orientation=\u00bbcenter\u00bb header_fullscreen=\u00bbon\u00bb _builder_version=\u00bb3.0.101&#8243; title_font=\u00bb|700|||||||\u00bb title_text_align=\u00bbcenter\u00bb title_font_size=\u00bb100px\u00bb background_image=\u00bbhttps:\/\/jireh.edu.ec\/main\/wp-content\/uploads\/2024\/07\/77777.jpg\u00bb parallax=\u00bbon\u00bb text_shadow_style=\u00bbpreset3&#8243;][\/et_pb_fullwidth_header][\/et_pb_section][et_pb_section fb_built=\u00bb1&#8243; _builder_version=\u00bb3.0.101&#8243; custom_padding=\u00bb54px|0px|0px|0px\u00bb][et_pb_row _builder_version=\u00bb3.0.101&#8243;][et_pb_column type=\u00bb4_4&#8243; _builder_version=\u00bb3.0.101&#8243; parallax=\u00bboff\u00bb parallax_method=\u00bbon\u00bb][et_pb_text _builder_version=\u00bb3.0.101&#8243;]<\/p>\n<p style=\"text-align: justify;\"><span style=\"color: #000000;\">La <strong>Unidad Educativa Cristiana \u201cJireh\u201d<\/strong>, una Instituci\u00f3n Educativa que forma parte del Sistema Nacional de Educaci\u00f3n del Ecuador, de sostenimiento particular, que no recibe subvenciones de terceros y de acuerdo a su filosof\u00eda institucional, se ha comprometido con la sociedad haciendo conciencia en cooperar en el desarrollo de la educaci\u00f3n, en la sociedad y econom\u00eda de los padres de familia que tengan dificultades para asumir el costo financiero de sus estudios.<\/span><\/p>\n<p>[\/et_pb_text][\/et_pb_column][\/et_pb_row][et_pb_row _builder_version=\u00bb3.0.101&#8243;][et_pb_column type=\u00bb4_4&#8243; _builder_version=\u00bb3.0.101&#8243; parallax=\u00bboff\u00bb parallax_method=\u00bbon\u00bb][et_pb_text _builder_version=\u00bb3.0.101&#8243;]<\/p>\n<h2 style=\"text-align: center;\"><span style=\"color: #000000;\"><strong>Cronograma Establecido<\/strong><\/span><\/h2>\n<p><span style=\"color: #000000;\"><strong><\/strong><\/span><\/p>\n<p><span style=\"color: #000000;\"><strong><\/strong><\/span><\/p>\n<table height=\"162\" style=\"width: 100%; height: 162px; border-color: 000;\" border=\"1\">\n<tbody>\n<tr>\n<td style=\"width: 25%; background-color: #af445a; text-align: center;\"><span style=\"color: #ffffff;\"><strong>Fechas<\/strong><\/span><\/td>\n<td style=\"width: 175.312px; background-color: #af445a; text-align: center;\"><span style=\"color: #ffffff;\"><strong>Actividad<\/strong><\/span><\/td>\n<\/tr>\n<tr>\n<td style=\"width: 103.688px;\"><span style=\"color: #000000;\">18 de julio de 2024<\/span><\/td>\n<td style=\"width: 175.312px; text-align: justify;\"><span style=\"color: #000000;\">Publicaci\u00f3n de lineamientos Reglamento de Becas<\/span><\/td>\n<\/tr>\n<tr>\n<td style=\"width: 103.688px;\"><span style=\"color: #000000;\">5 al 26 de agosto de 2024<\/span><\/td>\n<td style=\"width: 175.312px; text-align: justify;\"><span style=\"color: #000000;\">Llenar formulario y entregar en la secretar\u00eda de la Unidad Educativa Cristiana \u201cJireh\u201d con la documentaci\u00f3n requerida y debidamente legalizada<\/span><\/td>\n<\/tr>\n<tr>\n<td style=\"width: 103.688px;\"><span style=\"color: #000000;\">27 al 30 de agosto de 2024<\/span><\/td>\n<td style=\"width: 175.312px; text-align: justify;\"><span style=\"color: #000000;\">Revisi\u00f3n del cumplimiento de requisitos y condiciones. Selecci\u00f3n de estudiantes y asignaci\u00f3n de becas por parte de la Comisi\u00f3n<\/span><\/td>\n<\/tr>\n<tr>\n<td style=\"width: 103.688px;\"><span style=\"color: #000000;\">2 de septiembre de 2024<\/span><\/td>\n<td style=\"width: 175.312px; text-align: justify;\"><span style=\"color: #000000;\">Aprobaci\u00f3n de Becas por la Junta Educativa<\/span><\/td>\n<\/tr>\n<tr>\n<td style=\"width: 103.688px;\"><span style=\"color: #000000;\">4 de septiembre de 2024<\/span><\/td>\n<td style=\"width: 175.312px;\"><span style=\"color: #000000;\">Notificaci\u00f3n de resultados v\u00eda correo electr\u00f3nico \u00fanicamente a los beneficiarios<\/span><\/td>\n<\/tr>\n<\/tbody>\n<\/table>\n<p>[\/et_pb_text][\/et_pb_column][\/et_pb_row][\/et_pb_section][et_pb_section fb_built=\u00bb1&#8243; _builder_version=\u00bb3.0.101&#8243;][et_pb_row _builder_version=\u00bb3.0.101&#8243;][et_pb_column type=\u00bb4_4&#8243; _builder_version=\u00bb3.0.101&#8243; parallax=\u00bboff\u00bb parallax_method=\u00bbon\u00bb][et_pb_button button_url=\u00bbhttps:\/\/jireh.edu.ec\/main\/wp-content\/uploads\/2024\/07\/Reglamento-Becas-2024-2025-V.-Final-signed.pdf\u00bb url_new_window=\u00bbon\u00bb button_text=\u00bbReglamento de Becas\u00bb button_alignment=\u00bbcenter\u00bb _builder_version=\u00bb3.0.101&#8243; custom_button=\u00bbon\u00bb button_text_size=\u00bb29px\u00bb button_text_color=\u00bb#ffffff\u00bb button_bg_color=\u00bb#000000&#8243; button_border_width=\u00bb0px\u00bb button_font=\u00bb||||||||\u00bb button_use_icon=\u00bboff\u00bb button_text_color_hover=\u00bb#0c0c0c\u00bb button_bg_color_hover=\u00bb#EED9D6&#8243;][\/et_pb_button][\/et_pb_column][\/et_pb_row][\/et_pb_section]<\/p>\n","protected":false},"excerpt":{"rendered":"<p>[et_pb_section fb_built=\u00bb1&#8243; fullwidth=\u00bbon\u00bb _builder_version=\u00bb3.0.101&#8243;][et_pb_fullwidth_header header_fullscreen=\u00bbon\u00bb _builder_version=\u00bb3.0.101&#8243; background_image=\u00bbhttps:\/\/jireh.edu.ec\/main\/wp-content\/uploads\/2024\/07\/boys2.jpg\u00bb parallax=\u00bbon\u00bb][\/et_pb_fullwidth_header][\/et_pb_section][et_pb_section fb_built=\u00bb1&#8243; background_color=\u00bb#EED9D6&#8243; _builder_version=\u00bb3.0.101&#8243; custom_padding=\u00bb54px|0px|26px|0px\u00bb][et_pb_row custom_padding=\u00bb27px|0px|0px|0px\u00bb _builder_version=\u00bb3.0.101&#8243;][et_pb_column type=\u00bb4_4&#8243; _builder_version=\u00bb3.0.101&#8243; parallax=\u00bboff\u00bb parallax_method=\u00bbon\u00bb][et_pb_text _builder_version=\u00bb3.0.101&#8243;] Matr\u00edculas Abiertas A\u00f1o Lectivo 2024 -2025 [\/et_pb_text][\/et_pb_column][\/et_pb_row][\/et_pb_section][et_pb_section fb_built=\u00bb1&#8243; prev_background_color=\u00bb#EED9D6&#8243; _builder_version=\u00bb3.0.101&#8243; custom_padding=\u00bb54px|0px|21px|0px\u00bb top_divider_style=\u00bbwave2&#8243;][\/et_pb_section][et_pb_section fb_built=\u00bb1&#8243; next_background_color=\u00bb#AF445A\u00bb _builder_version=\u00bb3.0.101&#8243; custom_padding=\u00bb0px|0px|54px|0px\u00bb bottom_divider_style=\u00bbramp2&#8243;][et_pb_row _builder_version=\u00bb3.0.101&#8243;][et_pb_column type=\u00bb4_4&#8243; _builder_version=\u00bb3.0.101&#8243; parallax=\u00bboff\u00bb parallax_method=\u00bbon\u00bb][et_pb_text _builder_version=\u00bb3.0.101&#8243;] [\/et_pb_text][\/et_pb_column][\/et_pb_row][\/et_pb_section][et_pb_section fb_built=\u00bb1&#8243; background_color=\u00bb#AF445A\u00bb _builder_version=\u00bb3.0.101&#8243;][et_pb_row _builder_version=\u00bb3.0.101&#8243;][et_pb_column type=\u00bb4_4&#8243; _builder_version=\u00bb3.0.101&#8243; parallax=\u00bboff\u00bb parallax_method=\u00bbon\u00bb][et_pb_text _builder_version=\u00bb3.0.101&#8243;] Requisitos para m\u00e1triculas [&hellip;]<\/p>\n","protected":false},"author":1,"featured_media":0,"parent":0,"menu_order":0,"comment_status":"closed","ping_status":"closed","template":"","meta":{"footnotes":""},"class_list":["post-185","page","type-page","status-publish","hentry"],"_links":{"self":[{"href":"https:\/\/jireh.edu.ec\/main\/wp-json\/wp\/v2\/pages\/185","targetHints":{"allow":["GET"]}}],"collection":[{"href":"https:\/\/jireh.edu.ec\/main\/wp-json\/wp\/v2\/pages"}],"about":[{"href":"https:\/\/jireh.edu.ec\/main\/wp-json\/wp\/v2\/types\/page"}],"author":[{"embeddable":true,"href":"https:\/\/jireh.edu.ec\/main\/wp-json\/wp\/v2\/users\/1"}],"replies":[{"embeddable":true,"href":"https:\/\/jireh.edu.ec\/main\/wp-json\/wp\/v2\/comments?post=185"}],"version-history":[{"count":31,"href":"https:\/\/jireh.edu.ec\/main\/wp-json\/wp\/v2\/pages\/185\/revisions"}],"predecessor-version":[{"id":1860,"href":"https:\/\/jireh.edu.ec\/main\/wp-json\/wp\/v2\/pages\/185\/revisions\/1860"}],"wp:attachment":[{"href":"https:\/\/jireh.edu.ec\/main\/wp-json\/wp\/v2\/media?parent=185"}],"curies":[{"name":"wp","href":"https:\/\/api.w.org\/{rel}","templated":true}]}}